{"id":660,"date":"2024-09-07T11:51:04","date_gmt":"2024-09-07T11:51:04","guid":{"rendered":"https:\/\/giella.ch\/?page_id=660"},"modified":"2024-09-09T08:28:22","modified_gmt":"2024-09-09T08:28:22","slug":"galerie","status":"publish","type":"page","link":"https:\/\/giella.ch\/?page_id=660","title":{"rendered":"Galerie"},"content":{"rendered":"<section id=\"builder-section-gallery_11\" class=\"builder-section-first builder-section builder-section-gallery builder-section-next-banner builder-gallery-columns-3 builder-gallery-captions-reveal builder-gallery-captions-light builder-gallery-aspect-square\" style=\"background-size: cover; background-repeat: no-repeat;background-position: center center;\">\n<div class=\"builder-section-content\">\n<div class=\"builder-gallery-item \">\n<figure class=\"builder-gallery-image\" style=\"background-image: url(&#039;http:\/\/giella.ch\/wp-content\/uploads\/2024\/09\/DSC03277-1024x683.jpg&#039;);\"><\/figure>\n<div class=\"builder-gallery-content\">\n<div class=\"builder-gallery-content-inner\">\n<div class=\"builder-gallery-description\">\n<p>Ich setze mich f\u00fcr die Anliegen unseres Wirtschaftsstandorts ein. Das Planungsvorhaben Sommerau wurde in nur 2 Jahren umgesetzt. Mein Engagement geht weiter.<\/p>\n<\/p><\/div>\n<\/p><\/div>\n<\/p><\/div>\n<\/p><\/div>\n<div class=\"builder-gallery-item \">\n<figure class=\"builder-gallery-image\" style=\"background-image: url(&#039;http:\/\/giella.ch\/wp-content\/uploads\/2024\/09\/DSC03308-1024x683.jpg&#039;);\"><\/figure>\n<div class=\"builder-gallery-content\">\n<div class=\"builder-gallery-content-inner\">\n<div class=\"builder-gallery-description\">\n\t\t\t\t\t\tMir ist aber auch gutes und kosteng\u00fcnstiges Wohnen wichtig. Hier an der Bedastrasse entstehen attraktive Genossenschaftswohnungen.\t\t\t\t\t<\/div>\n<\/p><\/div>\n<\/p><\/div>\n<\/p><\/div>\n<div class=\"builder-gallery-item  last-3\">\n<figure class=\"builder-gallery-image\" style=\"background-image: url(&#039;http:\/\/giella.ch\/wp-content\/uploads\/2024\/09\/DSC03335-1024x683.jpg&#039;);\"><\/figure>\n<div class=\"builder-gallery-content\">\n<div class=\"builder-gallery-content-inner\">\n<div class=\"builder-gallery-description\">\n\t\t\t\t\t\tAuch in Arnegg l\u00e4uft vieles, nicht nur hier in der Zentrums\u00fcberbauung, die kurz vor der Fertigstellung steht \u2026\t\t\t\t\t<\/div>\n<\/p><\/div>\n<\/p><\/div>\n<\/p><\/div>\n<div class=\"builder-gallery-item \">\n<figure class=\"builder-gallery-image\" style=\"background-image: url(&#039;http:\/\/giella.ch\/wp-content\/uploads\/2024\/09\/DSC03348-1024x683.jpg&#039;);\"><\/figure>\n<div class=\"builder-gallery-content\">\n<div class=\"builder-gallery-content-inner\">\n<div class=\"builder-gallery-description\">\n\t\t\t\t\t\t\u2026 auch ein Schulhaus soll es nach rund 150 Jahren geben, auf das wir uns alle freuen.\t\t\t\t\t<\/div>\n<\/p><\/div>\n<\/p><\/div>\n<\/p><\/div>\n<div class=\"builder-gallery-item \">\n<figure class=\"builder-gallery-image\" style=\"background-image: url(&#039;http:\/\/giella.ch\/wp-content\/uploads\/2024\/09\/DSC03354-1024x683.jpg&#039;);\"><\/figure>\n<div class=\"builder-gallery-content\">\n<div class=\"builder-gallery-content-inner\">\n<div class=\"builder-gallery-description\">\n\t\t\t\t\t\tGossau entwickelt sich nicht nur auf der Sommerau, sondern auch hier an der Bischofszellerstrasse, wo diese bauliche Erweiterung schon entstanden ist \u2026\t\t\t\t\t<\/div>\n<\/p><\/div>\n<\/p><\/div>\n<\/p><\/div>\n<div class=\"builder-gallery-item  last-3\">\n<figure class=\"builder-gallery-image\" style=\"background-image: url(&#039;http:\/\/giella.ch\/wp-content\/uploads\/2024\/09\/Bild-2-1024x700.jpg&#039;);\"><\/figure>\n<div class=\"builder-gallery-content\">\n<div class=\"builder-gallery-content-inner\">\n<div class=\"builder-gallery-description\">\n\t\t\t\t\t\t\u2026 und fast gegen\u00fcber eine attraktive und nachhaltige Wohnsiedlung entstehen wird!\t\t\t\t\t<\/div>\n<\/p><\/div>\n<\/p><\/div>\n<\/p><\/div>\n<\/p><\/div>\n<\/section>\n<section id=\"builder-section-banner_37\" class=\"builder-section-prev-gallery builder-section builder-section-banner builder-section-last\" style=\"background-size: cover; background-repeat: no-repeat;background-position: center center;\">\n<div class=\"builder-section-content\">\n\t\t\t\t\t\t\t<\/div>\n<\/section>\n","protected":false},"excerpt":{"rendered":"<p>Ich setze mich f\u00fcr die Anliegen unseres Wirtschaftsstandorts ein. Das Planungsvorhaben Sommerau wurde in nur 2 Jahren umgesetzt. Mein Engagement geht weiter. Mir ist aber auch gutes und kosteng\u00fcnstiges Wohnen wichtig. Hier an der Bedastrasse entstehen attraktive Genossenschaftswohnungen. Auch in Arnegg l\u00e4uft vieles, nicht nur hier in der Zentrums\u00fcberbauung, die kurz vor der Fertigstellung steht &hellip;<\/p>\n","protected":false},"author":1,"featured_media":0,"parent":0,"menu_order":1,"comment_status":"closed","ping_status":"closed","template":"template-builder.php","meta":[],"_links":{"self":[{"href":"https:\/\/giella.ch\/index.php?rest_route=\/wp\/v2\/pages\/660"}],"collection":[{"href":"https:\/\/giella.ch\/index.php?rest_route=\/wp\/v2\/pages"}],"about":[{"href":"https:\/\/giella.ch\/index.php?rest_route=\/wp\/v2\/types\/page"}],"author":[{"embeddable":true,"href":"https:\/\/giella.ch\/index.php?rest_route=\/wp\/v2\/users\/1"}],"replies":[{"embeddable":true,"href":"https:\/\/giella.ch\/index.php?rest_route=%2Fwp%2Fv2%2Fcomments&post=660"}],"version-history":[{"count":15,"href":"https:\/\/giella.ch\/index.php?rest_route=\/wp\/v2\/pages\/660\/revisions"}],"predecessor-version":[{"id":687,"href":"https:\/\/giella.ch\/index.php?rest_route=\/wp\/v2\/pages\/660\/revisions\/687"}],"wp:attachment":[{"href":"https:\/\/giella.ch\/index.php?rest_route=%2Fwp%2Fv2%2Fmedia&parent=660"}],"curies":[{"name":"wp","href":"https:\/\/api.w.org\/{rel}","templated":true}]}}

<section id="builder-section-gallery_11" class="builder-section-first builder-section builder-section-gallery builder-section-next-banner builder-gallery-columns-3 builder-gallery-captions-reveal builder-gallery-captions-light builder-gallery-aspect-square" style="background-size: cover; background-repeat: no-repeat;background-position: center center;">
<div class="builder-section-content">
<div class="builder-gallery-item ">
<figure class="builder-gallery-image" style="background-image: url(&#039;http://giella.ch/wp-content/uploads/2024/09/DSC03277-1024x683.jpg&#039;);"></figure>
<div class="builder-gallery-content">
<div class="builder-gallery-content-inner">
<div class="builder-gallery-description">
<p>Ich setze mich für die Anliegen unseres Wirtschaftsstandorts ein. Das Planungsvorhaben Sommerau wurde in nur 2 Jahren umgesetzt. Mein Engagement geht weiter.</p>
</p></div>
</p></div>
</p></div>
</p></div>
<div class="builder-gallery-item ">
<figure class="builder-gallery-image" style="background-image: url(&#039;http://giella.ch/wp-content/uploads/2024/09/DSC03308-1024x683.jpg&#039;);"></figure>
<div class="builder-gallery-content">
<div class="builder-gallery-content-inner">
<div class="builder-gallery-description">
						Mir ist aber auch gutes und kostengünstiges Wohnen wichtig. Hier an der Bedastrasse entstehen attraktive Genossenschaftswohnungen.					</div>
</p></div>
</p></div>
</p></div>
<div class="builder-gallery-item  last-3">
<figure class="builder-gallery-image" style="background-image: url(&#039;http://giella.ch/wp-content/uploads/2024/09/DSC03335-1024x683.jpg&#039;);"></figure>
<div class="builder-gallery-content">
<div class="builder-gallery-content-inner">
<div class="builder-gallery-description">
						Auch in Arnegg läuft vieles, nicht nur hier in der Zentrumsüberbauung, die kurz vor der Fertigstellung steht …					</div>
</p></div>
</p></div>
</p></div>
<div class="builder-gallery-item ">
<figure class="builder-gallery-image" style="background-image: url(&#039;http://giella.ch/wp-content/uploads/2024/09/DSC03348-1024x683.jpg&#039;);"></figure>
<div class="builder-gallery-content">
<div class="builder-gallery-content-inner">
<div class="builder-gallery-description">
						… auch ein Schulhaus soll es nach rund 150 Jahren geben, auf das wir uns alle freuen.					</div>
</p></div>
</p></div>
</p></div>
<div class="builder-gallery-item ">
<figure class="builder-gallery-image" style="background-image: url(&#039;http://giella.ch/wp-content/uploads/2024/09/DSC03354-1024x683.jpg&#039;);"></figure>
<div class="builder-gallery-content">
<div class="builder-gallery-content-inner">
<div class="builder-gallery-description">
						Gossau entwickelt sich nicht nur auf der Sommerau, sondern auch hier an der Bischofszellerstrasse, wo diese bauliche Erweiterung schon entstanden ist …					</div>
</p></div>
</p></div>
</p></div>
<div class="builder-gallery-item  last-3">
<figure class="builder-gallery-image" style="background-image: url(&#039;http://giella.ch/wp-content/uploads/2024/09/Bild-2-1024x700.jpg&#039;);"></figure>
<div class="builder-gallery-content">
<div class="builder-gallery-content-inner">
<div class="builder-gallery-description">
						… und fast gegenüber eine attraktive und nachhaltige Wohnsiedlung entstehen wird!					</div>
</p></div>
</p></div>
</p></div>
</p></div>
</section>
<section id="builder-section-banner_37" class="builder-section-prev-gallery builder-section builder-section-banner builder-section-last" style="background-size: cover; background-repeat: no-repeat;background-position: center center;">
<div class="builder-section-content">
							</div>
</section>

<p>Ich setze mich für die Anliegen unseres Wirtschaftsstandorts ein. Das Planungsvorhaben Sommerau wurde in nur 2 Jahren umgesetzt. Mein Engagement geht weiter. Mir ist aber auch gutes und kostengünstiges Wohnen wichtig. Hier an der Bedastrasse entstehen attraktive Genossenschaftswohnungen. Auch in Arnegg läuft vieles, nicht nur hier in der Zentrumsüberbauung, die kurz vor der Fertigstellung steht &hellip;</p>
