{"id":12,"date":"2017-10-05T13:42:42","date_gmt":"2017-10-05T13:42:42","guid":{"rendered":"http:\/\/giella.ch\/?page_id=12"},"modified":"2024-09-09T12:32:07","modified_gmt":"2024-09-09T12:32:07","slug":"meine-positionen","status":"publish","type":"page","link":"https:\/\/giella.ch\/?page_id=12","title":{"rendered":"Politik"},"content":{"rendered":"<section id=\"builder-section-text_11\" class=\"builder-section-first builder-section builder-section-text builder-section-next-text builder-text-columns-1\" style=\"background-size: cover; background-repeat: no-repeat;background-position: center center;\">\n<div class=\"builder-section-content\">\n<div class=\"builder-text-row\">\n<div class=\"builder-text-column builder-text-column-1\" id=\"builder-section-text_11-column-1\">\n<div class=\"builder-text-content\">\n<h1 style=\"text-align: left;\"><strong>Meine politischen Ziele<\/strong><\/h1>\n<\/p><\/div>\n<\/p><\/div>\n<\/p><\/div>\n<\/p><\/div>\n<\/section>\n<section id=\"builder-section-text_56\" class=\"builder-section-prev-text builder-section builder-section-text builder-section-next-text builder-text-columns-1\" style=\"background-size: cover; background-repeat: no-repeat;background-position: center center;\">\n<div class=\"builder-section-content\">\n<div class=\"builder-text-row\">\n<div class=\"builder-text-column builder-text-column-1\" id=\"builder-section-text_56-column-1\">\n<div class=\"builder-text-content\">\n<ul>\n<li><strong>Weiterentwicklung der Stadt als attraktiver Lebens-, Wohn-, Arbeits- und Freizeitraum f\u00fcr alle Generationen.<\/strong> <br \/>=&gt; <em>Der Richtplan wurde vom Parlament 2024 verabschiedet und gilt als beh\u00f6rdenwegweisend.<\/em><\/li>\n<\/ul>\n<ul>\n<li><strong>Verfolgung eines langfristig gesunden Finanzhaushalts mit attraktivem Steuerfuss und gezielten Investitionen zur Erhaltung unserer Standortattraktivit\u00e4t.<\/strong> <br \/>=&gt; <em>Werterhaltende Investitionen m\u00fcssen geleistet werden, wertvermehrende Investitionen m\u00fcssen gut erwogen werden. Diese wirken sich immer auf den Steuerfuss aus. Ein gesunder Mix zeichnen einen attraktiven Steuerfuss aus.<\/em><\/li>\n<\/ul>\n<ul>\n<li><strong>Sachgerechte Finanzierung und Umsetzung des Masterplans Sportanlagen Buechenwald und Rosenau (GESAK) bis 2029.<\/strong> <br \/>=&gt; <em>Die Sportwelt, Modul eins, im Buechenwald wird Gossau einen gewaltigen Schub geben. Freuen wir uns auf die Inbetriebnahme.<\/em><\/li>\n<\/ul>\n<ul>\n<li><strong>Vereinfachte und beschleunigte Planungs-, Bau- und Verwaltungsverfahren.<\/strong><br \/>=&gt; <em>Wir haben sehr viele eigentumsbeschr\u00e4nkende Baulinien aufgehoben. Mit dem neuen Rahmennutzungsplan setzt sich der Stadtrat f\u00fcr ein vereinfachtes Bauen im Bestand ein.<\/em><\/li>\n<\/ul>\n<ul>\n<li><strong>Umsetzungsorientierte Planung auch heute schon!<br \/><\/strong>=&gt; <em style=\"font-size: 1.8rem;\">Bedastrasse, Sommerau Nord, Andwiler- und Tannenstrasse, Erlenhof und viele weitere Arealentwicklungen zeigen, dass der neue Planungsprozess positive Wirkung entfaltet.<\/em><\/li>\n<\/ul>\n<ul>\n<li><strong>Weiterf\u00fchrung nachhaltiger Versorgungs- und Entsorgungskonzepte.<\/strong><em><br \/>=&gt; Mit Beschl\u00fcssen zur Biotour fasste der Stadtrat erste Beschl\u00fcsse.<\/em><\/li>\n<\/ul>\n<ul>\n<li><strong>F\u00f6rderung der Verkehrssicherheit f\u00fcr alle Verkehrsteilnehmenden sowie verst\u00e4rkte L\u00e4rmschutzmassnahmen.<\/strong><em> <br \/>=&gt; Ich setzte mich nach wie vor daf\u00fcr ein, dass wir gemeinsam mit dem Kanton ein besseres Verkehrsmanagement auf den Gossauer Strassen erzielen. Das GVK ist nun ein erster Schritt.<\/em><\/li>\n<\/ul>\n<ul>\n<li><strong>St\u00e4rkung des Wirtschafts- und Technologiestandortes Gossau-Arnegg.<\/strong><em><br \/>=&gt; Treffen mit Vertretern der Wirtschaft finden regelm\u00e4ssig statt. Zudem unterst\u00fctze ich den Zubringer Appenzellerland, damit wir in Gossaus Osten Industrie und Gewerbe weiterentwickeln und moderne Infrastrukturen erm\u00f6glichen k\u00f6nnen. Ich sitze im Lenkungsausschuss des Vereins ASGO und der Regio und setze mich dort f\u00fcr die Weiterentwicklung unseres Wirtschaftsraums ein.<\/em><\/li>\n<\/ul>\n<p>Der Bushof und das Bauprojekt der Sana F\u00fcrstenland zeigen, wie schwierig es heutzutage ist, komplexe Planungsprojekte in eine sichere Bewilligungsreife zu \u00fcberf\u00fchren. Der Stadtrat arbeitet weiterhin an der Erf\u00fcllung dieser Auftr\u00e4ge.<\/p>\n<p>Als regelm\u00e4ssiger \u00f6V-Nutzer und Grossaktion\u00e4rsvertreter der RegioBus ist f\u00fcr mich der Bushof eine Herzensangelegenheit! Mit den Einsprechern werden intensive Gespr\u00e4che gef\u00fchrt. Eine L\u00f6sung bahnt sich an.<\/p>\n<p>Das Bauvorhaben der Sana F\u00fcrstenland ist nach wie vor ein Vorzeigeprojekt mit \u00fcberregionaler Ausstrahlung. Den Bau zu verwirklichen, hat f\u00fcr mich hohe Priorit\u00e4t. Ich bin \u00fcberzeugt, dass wir das Altenzentrum, trotz der Opposition, erstellen werden.<\/p>\n<ol start=\"4\">\n<li>September 2024<\/li>\n<\/ol><\/div>\n<\/p><\/div>\n<\/p><\/div>\n<\/p><\/div>\n<\/section>\n<section id=\"builder-section-text_87\" class=\"builder-section-prev-text builder-section builder-section-text builder-section-next-text builder-text-columns-3\" style=\"background-size: cover; background-repeat: no-repeat;background-position: center center;\">\n<div class=\"builder-section-content\">\n<div class=\"builder-text-row\">\n<div class=\"builder-text-column builder-text-column-1\" id=\"builder-section-text_87-column-1\">\n<div class=\"builder-text-content\">\n<p><img decoding=\"async\" loading=\"lazy\" class=\"alignnone size-large wp-image-697\" src=\"http:\/\/giella.ch\/wp-content\/uploads\/2024\/09\/DSC01421-1024x683.jpg\" alt=\"\" width=\"960\" height=\"640\" srcset=\"https:\/\/giella.ch\/wp-content\/uploads\/2024\/09\/DSC01421-1024x683.jpg 1024w, https:\/\/giella.ch\/wp-content\/uploads\/2024\/09\/DSC01421-300x200.jpg 300w, https:\/\/giella.ch\/wp-content\/uploads\/2024\/09\/DSC01421-768x512.jpg 768w, https:\/\/giella.ch\/wp-content\/uploads\/2024\/09\/DSC01421-1536x1024.jpg 1536w, https:\/\/giella.ch\/wp-content\/uploads\/2024\/09\/DSC01421-2048x1365.jpg 2048w\" sizes=\"(max-width: 960px) 100vw, 960px\" \/><\/p>\n<\/p><\/div>\n<\/p><\/div>\n<div class=\"builder-text-column builder-text-column-2\" id=\"builder-section-text_87-column-2\">\n<div class=\"builder-text-content\">\n<p><img decoding=\"async\" loading=\"lazy\" class=\"alignnone size-large wp-image-696\" src=\"http:\/\/giella.ch\/wp-content\/uploads\/2024\/09\/DSC01418-1024x683.jpg\" alt=\"\" width=\"960\" height=\"640\" srcset=\"https:\/\/giella.ch\/wp-content\/uploads\/2024\/09\/DSC01418-1024x683.jpg 1024w, https:\/\/giella.ch\/wp-content\/uploads\/2024\/09\/DSC01418-300x200.jpg 300w, https:\/\/giella.ch\/wp-content\/uploads\/2024\/09\/DSC01418-768x512.jpg 768w, https:\/\/giella.ch\/wp-content\/uploads\/2024\/09\/DSC01418-1536x1024.jpg 1536w, https:\/\/giella.ch\/wp-content\/uploads\/2024\/09\/DSC01418-2048x1365.jpg 2048w\" sizes=\"(max-width: 960px) 100vw, 960px\" \/><\/p>\n<\/p><\/div>\n<\/p><\/div>\n<div class=\"builder-text-column builder-text-column-3\" id=\"builder-section-text_87-column-3\">\n<div class=\"builder-text-content\">\n<p><img decoding=\"async\" loading=\"lazy\" class=\"size-large wp-image-698\" src=\"http:\/\/giella.ch\/wp-content\/uploads\/2024\/09\/DSC02968-1024x681.jpg\" alt=\"\" width=\"960\" height=\"638\" srcset=\"https:\/\/giella.ch\/wp-content\/uploads\/2024\/09\/DSC02968-1024x681.jpg 1024w, https:\/\/giella.ch\/wp-content\/uploads\/2024\/09\/DSC02968-300x200.jpg 300w, https:\/\/giella.ch\/wp-content\/uploads\/2024\/09\/DSC02968-768x511.jpg 768w, https:\/\/giella.ch\/wp-content\/uploads\/2024\/09\/DSC02968-1536x1022.jpg 1536w, https:\/\/giella.ch\/wp-content\/uploads\/2024\/09\/DSC02968-2048x1363.jpg 2048w\" sizes=\"(max-width: 960px) 100vw, 960px\" \/><\/p>\n<\/p><\/div>\n<\/p><\/div>\n<\/p><\/div>\n<\/p><\/div>\n<\/section>\n<section id=\"builder-section-text_418\" class=\"builder-section-prev-text builder-section builder-section-text builder-section-next-text builder-text-columns-1\" style=\"background-size: cover; background-repeat: no-repeat;background-position: center center;\">\n<div class=\"builder-section-content\">\n<div class=\"builder-text-row\">\n<div class=\"builder-text-column builder-text-column-1\" id=\"builder-section-text_418-column-1\">\n<div class=\"builder-text-content\">\n<h2 style=\"text-align: right;\">Wolfgang Giella &#8211; Politik<\/h2>\n<\/p><\/div>\n<\/p><\/div>\n<\/p><\/div>\n<\/p><\/div>\n<\/section>\n<section id=\"builder-section-text_79\" class=\"builder-section-prev-text builder-section builder-section-text builder-section-last builder-text-columns-3\" style=\"background-size: cover; background-repeat: no-repeat;background-position: center center;\">\n<div class=\"builder-section-content\">\n<div class=\"builder-text-row\">\n<div class=\"builder-text-column builder-text-column-1\" id=\"builder-section-text_79-column-1\">\n<div class=\"builder-text-content\">\n\t\t\t\t\t\t\t\t\t\t\t<\/div>\n<\/p><\/div>\n<div class=\"builder-text-column builder-text-column-2\" id=\"builder-section-text_79-column-2\">\n<div class=\"builder-text-content\">\n\t\t\t\t\t\t\t\t\t\t\t<\/div>\n<\/p><\/div>\n<div class=\"builder-text-column builder-text-column-3\" id=\"builder-section-text_79-column-3\">\n<div class=\"builder-text-content\">\n\t\t\t\t\t\t\t\t\t\t\t<\/div>\n<\/p><\/div>\n<\/p><\/div>\n<\/p><\/div>\n<\/section>\n","protected":false},"excerpt":{"rendered":"<p>Meine politischen Ziele Weiterentwicklung der Stadt als attraktiver Lebens-, Wohn-, Arbeits- und Freizeitraum f\u00fcr alle Generationen. =&gt; Der Richtplan wurde vom Parlament 2024 verabschiedet und gilt als beh\u00f6rdenwegweisend. Verfolgung eines langfristig gesunden Finanzhaushalts mit attraktivem Steuerfuss und gezielten Investitionen zur Erhaltung unserer Standortattraktivit\u00e4t. =&gt; Werterhaltende Investitionen m\u00fcssen geleistet werden, wertvermehrende Investitionen m\u00fcssen gut erwogen werden. &hellip;<\/p>\n","protected":false},"author":1,"featured_media":0,"parent":0,"menu_order":0,"comment_status":"closed","ping_status":"closed","template":"template-builder.php","meta":[],"_links":{"self":[{"href":"https:\/\/giella.ch\/index.php?rest_route=\/wp\/v2\/pages\/12"}],"collection":[{"href":"https:\/\/giella.ch\/index.php?rest_route=\/wp\/v2\/pages"}],"about":[{"href":"https:\/\/giella.ch\/index.php?rest_route=\/wp\/v2\/types\/page"}],"author":[{"embeddable":true,"href":"https:\/\/giella.ch\/index.php?rest_route=\/wp\/v2\/users\/1"}],"replies":[{"embeddable":true,"href":"https:\/\/giella.ch\/index.php?rest_route=%2Fwp%2Fv2%2Fcomments&post=12"}],"version-history":[{"count":33,"href":"https:\/\/giella.ch\/index.php?rest_route=\/wp\/v2\/pages\/12\/revisions"}],"predecessor-version":[{"id":699,"href":"https:\/\/giella.ch\/index.php?rest_route=\/wp\/v2\/pages\/12\/revisions\/699"}],"wp:attachment":[{"href":"https:\/\/giella.ch\/index.php?rest_route=%2Fwp%2Fv2%2Fmedia&parent=12"}],"curies":[{"name":"wp","href":"https:\/\/api.w.org\/{rel}","templated":true}]}}

<section id="builder-section-text_11" class="builder-section-first builder-section builder-section-text builder-section-next-text builder-text-columns-1" style="background-size: cover; background-repeat: no-repeat;background-position: center center;">
<div class="builder-section-content">
<div class="builder-text-row">
<div class="builder-text-column builder-text-column-1" id="builder-section-text_11-column-1">
<div class="builder-text-content">
<h1 style="text-align: left;"><strong>Meine politischen Ziele</strong></h1>
</p></div>
</p></div>
</p></div>
</p></div>
</section>
<section id="builder-section-text_56" class="builder-section-prev-text builder-section builder-section-text builder-section-next-text builder-text-columns-1" style="background-size: cover; background-repeat: no-repeat;background-position: center center;">
<div class="builder-section-content">
<div class="builder-text-row">
<div class="builder-text-column builder-text-column-1" id="builder-section-text_56-column-1">
<div class="builder-text-content">
<ul>
<li><strong>Weiterentwicklung der Stadt als attraktiver Lebens-, Wohn-, Arbeits- und Freizeitraum für alle Generationen.</strong> <br />=&gt; <em>Der Richtplan wurde vom Parlament 2024 verabschiedet und gilt als behördenwegweisend.</em></li>
</ul>
<ul>
<li><strong>Verfolgung eines langfristig gesunden Finanzhaushalts mit attraktivem Steuerfuss und gezielten Investitionen zur Erhaltung unserer Standortattraktivität.</strong> <br />=&gt; <em>Werterhaltende Investitionen müssen geleistet werden, wertvermehrende Investitionen müssen gut erwogen werden. Diese wirken sich immer auf den Steuerfuss aus. Ein gesunder Mix zeichnen einen attraktiven Steuerfuss aus.</em></li>
</ul>
<ul>
<li><strong>Sachgerechte Finanzierung und Umsetzung des Masterplans Sportanlagen Buechenwald und Rosenau (GESAK) bis 2029.</strong> <br />=&gt; <em>Die Sportwelt, Modul eins, im Buechenwald wird Gossau einen gewaltigen Schub geben. Freuen wir uns auf die Inbetriebnahme.</em></li>
</ul>
<ul>
<li><strong>Vereinfachte und beschleunigte Planungs-, Bau- und Verwaltungsverfahren.</strong><br />=&gt; <em>Wir haben sehr viele eigentumsbeschränkende Baulinien aufgehoben. Mit dem neuen Rahmennutzungsplan setzt sich der Stadtrat für ein vereinfachtes Bauen im Bestand ein.</em></li>
</ul>
<ul>
<li><strong>Umsetzungsorientierte Planung auch heute schon!<br /></strong>=&gt; <em style="font-size: 1.8rem;">Bedastrasse, Sommerau Nord, Andwiler- und Tannenstrasse, Erlenhof und viele weitere Arealentwicklungen zeigen, dass der neue Planungsprozess positive Wirkung entfaltet.</em></li>
</ul>
<ul>
<li><strong>Weiterführung nachhaltiger Versorgungs- und Entsorgungskonzepte.</strong><em><br />=&gt; Mit Beschlüssen zur Biotour fasste der Stadtrat erste Beschlüsse.</em></li>
</ul>
<ul>
<li><strong>Förderung der Verkehrssicherheit für alle Verkehrsteilnehmenden sowie verstärkte Lärmschutzmassnahmen.</strong><em> <br />=&gt; Ich setzte mich nach wie vor dafür ein, dass wir gemeinsam mit dem Kanton ein besseres Verkehrsmanagement auf den Gossauer Strassen erzielen. Das GVK ist nun ein erster Schritt.</em></li>
</ul>
<ul>
<li><strong>Stärkung des Wirtschafts- und Technologiestandortes Gossau-Arnegg.</strong><em><br />=&gt; Treffen mit Vertretern der Wirtschaft finden regelmässig statt. Zudem unterstütze ich den Zubringer Appenzellerland, damit wir in Gossaus Osten Industrie und Gewerbe weiterentwickeln und moderne Infrastrukturen ermöglichen können. Ich sitze im Lenkungsausschuss des Vereins ASGO und der Regio und setze mich dort für die Weiterentwicklung unseres Wirtschaftsraums ein.</em></li>
</ul>
<p>Der Bushof und das Bauprojekt der Sana Fürstenland zeigen, wie schwierig es heutzutage ist, komplexe Planungsprojekte in eine sichere Bewilligungsreife zu überführen. Der Stadtrat arbeitet weiterhin an der Erfüllung dieser Aufträge.</p>
<p>Als regelmässiger öV-Nutzer und Grossaktionärsvertreter der RegioBus ist für mich der Bushof eine Herzensangelegenheit! Mit den Einsprechern werden intensive Gespräche geführt. Eine Lösung bahnt sich an.</p>
<p>Das Bauvorhaben der Sana Fürstenland ist nach wie vor ein Vorzeigeprojekt mit überregionaler Ausstrahlung. Den Bau zu verwirklichen, hat für mich hohe Priorität. Ich bin überzeugt, dass wir das Altenzentrum, trotz der Opposition, erstellen werden.</p>
<ol start="4">
<li>September 2024</li>
</ol></div>
</p></div>
</p></div>
</p></div>
</section>
<section id="builder-section-text_87" class="builder-section-prev-text builder-section builder-section-text builder-section-next-text builder-text-columns-3" style="background-size: cover; background-repeat: no-repeat;background-position: center center;">
<div class="builder-section-content">
<div class="builder-text-row">
<div class="builder-text-column builder-text-column-1" id="builder-section-text_87-column-1">
<div class="builder-text-content">
<p><img decoding="async" loading="lazy" class="alignnone size-large wp-image-697" src="http://giella.ch/wp-content/uploads/2024/09/DSC01421-1024x683.jpg" alt="" width="960" height="640" srcset="https://giella.ch/wp-content/uploads/2024/09/DSC01421-1024x683.jpg 1024w, https://giella.ch/wp-content/uploads/2024/09/DSC01421-300x200.jpg 300w, https://giella.ch/wp-content/uploads/2024/09/DSC01421-768x512.jpg 768w, https://giella.ch/wp-content/uploads/2024/09/DSC01421-1536x1024.jpg 1536w, https://giella.ch/wp-content/uploads/2024/09/DSC01421-2048x1365.jpg 2048w" sizes="(max-width: 960px) 100vw, 960px" /></p>
</p></div>
</p></div>
<div class="builder-text-column builder-text-column-2" id="builder-section-text_87-column-2">
<div class="builder-text-content">
<p><img decoding="async" loading="lazy" class="alignnone size-large wp-image-696" src="http://giella.ch/wp-content/uploads/2024/09/DSC01418-1024x683.jpg" alt="" width="960" height="640" srcset="https://giella.ch/wp-content/uploads/2024/09/DSC01418-1024x683.jpg 1024w, https://giella.ch/wp-content/uploads/2024/09/DSC01418-300x200.jpg 300w, https://giella.ch/wp-content/uploads/2024/09/DSC01418-768x512.jpg 768w, https://giella.ch/wp-content/uploads/2024/09/DSC01418-1536x1024.jpg 1536w, https://giella.ch/wp-content/uploads/2024/09/DSC01418-2048x1365.jpg 2048w" sizes="(max-width: 960px) 100vw, 960px" /></p>
</p></div>
</p></div>
<div class="builder-text-column builder-text-column-3" id="builder-section-text_87-column-3">
<div class="builder-text-content">
<p><img decoding="async" loading="lazy" class="size-large wp-image-698" src="http://giella.ch/wp-content/uploads/2024/09/DSC02968-1024x681.jpg" alt="" width="960" height="638" srcset="https://giella.ch/wp-content/uploads/2024/09/DSC02968-1024x681.jpg 1024w, https://giella.ch/wp-content/uploads/2024/09/DSC02968-300x200.jpg 300w, https://giella.ch/wp-content/uploads/2024/09/DSC02968-768x511.jpg 768w, https://giella.ch/wp-content/uploads/2024/09/DSC02968-1536x1022.jpg 1536w, https://giella.ch/wp-content/uploads/2024/09/DSC02968-2048x1363.jpg 2048w" sizes="(max-width: 960px) 100vw, 960px" /></p>
</p></div>
</p></div>
</p></div>
</p></div>
</section>
<section id="builder-section-text_418" class="builder-section-prev-text builder-section builder-section-text builder-section-next-text builder-text-columns-1" style="background-size: cover; background-repeat: no-repeat;background-position: center center;">
<div class="builder-section-content">
<div class="builder-text-row">
<div class="builder-text-column builder-text-column-1" id="builder-section-text_418-column-1">
<div class="builder-text-content">
<h2 style="text-align: right;">Wolfgang Giella &#8211; Politik</h2>
</p></div>
</p></div>
</p></div>
</p></div>
</section>
<section id="builder-section-text_79" class="builder-section-prev-text builder-section builder-section-text builder-section-last builder-text-columns-3" style="background-size: cover; background-repeat: no-repeat;background-position: center center;">
<div class="builder-section-content">
<div class="builder-text-row">
<div class="builder-text-column builder-text-column-1" id="builder-section-text_79-column-1">
<div class="builder-text-content">
											</div>
</p></div>
<div class="builder-text-column builder-text-column-2" id="builder-section-text_79-column-2">
<div class="builder-text-content">
											</div>
</p></div>
<div class="builder-text-column builder-text-column-3" id="builder-section-text_79-column-3">
<div class="builder-text-content">
											</div>
</p></div>
</p></div>
</p></div>
</section>

<p>Meine politischen Ziele Weiterentwicklung der Stadt als attraktiver Lebens-, Wohn-, Arbeits- und Freizeitraum für alle Generationen. =&gt; Der Richtplan wurde vom Parlament 2024 verabschiedet und gilt als behördenwegweisend. Verfolgung eines langfristig gesunden Finanzhaushalts mit attraktivem Steuerfuss und gezielten Investitionen zur Erhaltung unserer Standortattraktivität. =&gt; Werterhaltende Investitionen müssen geleistet werden, wertvermehrende Investitionen müssen gut erwogen werden. &hellip;</p>
